
26
What is the highest common factor of 36 and 12528?
36
Calculate the highest common factor of 25223 and 1100.
11
What is the highest common factor of 39 and 228813?
39
What is the greatest common factor of 2340 and 10270?
130
Calculate the greatest common divisor of 89828 and 8.
4
Calculate the greatest common divisor of 19454 and 426.
142
What is the highest common factor of 1624 and 10643?
29
What is the greatest common factor of 20894 and 248?
62
What is the greatest common factor of 79068 and 396?
132
What is the highest common factor of 15 and 65520?
15
Calculate the greatest common divisor of 798 and 156807.
399
What is the greatest common factor of 27 and 31653?
9
Calculate the greatest common divisor of 1051723 and 213.
71
What is the highest common divisor of 741 and 2496?
39
What is the highest common divisor of 7918515 and 110?
55
Calculate the greatest common factor of 193982 and 46.
46
Calculate the highest common factor of 5452 and 188.
188
What is the greatest common factor of 17869 and 321?
107
Calculate the highest common factor of 1248 and 74464.
416
Calculate the greatest common divisor of 292213 and 34.
17
Calculate the highest common factor of 174690 and 1080.
270
Calculate the greatest common factor of 24 and 498.
6
What is the highest common factor of 3843 and 6363?
63
What is the greatest common divisor of 206470 and 550?
110
Calculate the highest common factor of 252050 and 100.
50
What is the highest common divisor of 606432 and 48?
48
Calculate the highest common factor of 154451 and 513.
19
Calculate the highest common factor of 29722 and 1386.
154
What is the greatest common divisor of 30 and 86936?
2
What is the highest common factor of 738 and 4018?
82
Calculate the highest common divisor of 15568 and 770.
14
What is the greatest common factor of 1302 and 3981?
3
What is the greatest common factor of 34617 and 33?
33
What is the highest common divisor of 15664 and 19888?
176
What is the highest common factor of 371 and 95453?
53
Calculate the highest common divisor of 758080 and 640.
320
What is the highest common factor of 14645 and 7070?
505
What is the greatest common factor of 40473 and 216?
27
What is the greatest common factor of 4343496 and 120?
24
Calculate the highest common factor of 47263 and 1208.
151
What is the highest common factor of 125988 and 852?
12
Calculate the highest common factor of 3042 and 5.
1
Calculate the highest common factor of 16 and 208.
16
What is the highest common divisor of 53805 and 68?
17
What is the greatest common divisor of 12065 and 1615?
95
What is the highest common factor of 646 and 12806?
38
What is the highest common factor of 320 and 96832?
64
What is the greatest common divisor of 130 and 2298790?
130
Calculate the highest common factor of 435 and 51939.
87
What is the greatest common divisor of 112 and 11528?
8
Calculate the greatest common divisor of 78105 and 11811.
381
Calculate the highest common divisor of 74061 and 897.
39
Calculate the greatest common divisor of 3422 and 30326.
118
What is the greatest common factor of 4576 and 352?
352
Calculate the highest common factor of 1010 and 87640.
10
What is the highest common factor of 1115 and 1775749?
223
Calculate the greatest common factor of 28226 and 110.
22
What is the greatest common divisor of 159159 and 477?
159
Calculate the greatest common factor of 120 and 42020.
20
Calculate the highest common divisor of 610 and 1826340.
610
What is the highest common divisor of 22750 and 559?
13
What is the highest common divisor of 198496 and 48?
16
Calculate the highest common divisor of 1684117 and 232.
29
Calculate the greatest common factor of 4591 and 141.
1
What is the greatest common factor of 6789 and 3255?
93
Calculate the greatest common factor of 22 and 377608.
22
What is the highest common factor of 45 and 60380?
5
Calculate the greatest common factor of 52 and 82732.
52
Calculate the highest common divisor of 38364 and 460.
92
Calculate the greatest common factor of 1816492 and 86.
86
What is the highest common divisor of 1740500 and 150?
50
What is the greatest common factor of 11518 and 442?
26
What is the highest common divisor of 48575 and 1?
1
Calculate the highest common factor of 144 and 20673.
9
What is the highest common divisor of 2025 and 244215?
405
What is the greatest common factor of 41536 and 33?
11
Calculate the greatest common divisor of 8378 and 4012.
118
Calculate the highest common divisor of 608 and 2822.
2
Calculate the greatest common factor of 21882 and 966.
42
What is the greatest common divisor of 7300 and 350?
50
Calculate the greatest common divisor of 450 and 16564050.
450
What is the greatest common divisor of 5269995 and 379?
379
Calculate the greatest common factor of 230 and 321586.
46
What is the greatest common factor of 242 and 990143?
121
What is the greatest common divisor of 76 and 1948?
4
Calculate the greatest common divisor of 8904 and 51.
3
What is the greatest common factor of 858 and 379797?
33
What is the highest common divisor of 52805 and 7670?
295
What is the highest common divisor of 1774592 and 128?
128
What is the highest common factor of 4551 and 640692?
111
What is the greatest common divisor of 103272 and 104?
104
Calculate the greatest common divisor of 22828 and 5876.
52
What is the highest common factor of 24486 and 30?
6
Calculate the highest common factor of 3690 and 225910.
410
What is the greatest common factor of 44300 and 40?
20
What is the greatest common factor of 144607 and 123?
41
What is the greatest common factor of 59544 and 648?
72
What is the highest common factor of 117 and 33137?
13
Calculate the highest common divisor of 103 and 63242.
103
Calculate the greatest common divisor of 3025 and 4.
1
What is the highest common divisor of 738 and 4182?
246
What is the highest common divisor of 9150 and 290?
10
Calculate the greatest common divisor of 710 and 2390.
10
Calculate the highest common factor of 5191 and 1914.
29
Calculate the highest common factor of 742 and 120946.
742
What is the highest common divisor of 82943 and 7616?
119
What is the greatest common factor of 35073 and 36?
9
Calculate the highest common factor of 655 and 181566.
131
What is the highest common factor of 38429 and 60653?
463
What is the highest common divisor of 391 and 2465?
17
What is the greatest common divisor of 65 and 361595?
65
What is the highest common divisor of 70978 and 506?
46
Calculate the greatest common divisor of 51 and 15483.
3
Calculate the greatest common divisor of 772050 and 150.
150
What is the highest common divisor of 70 and 53522?
14
What is the highest common factor of 2166720 and 45?
15
What is the highest common divisor of 177 and 884646?
177
Calculate the highest common divisor of 8645 and 5110.
35
What is the greatest common divisor of 8657 and 11?
11
Calculate the highest common divisor of 30 and 84350.
10
What is the highest common factor of 3923961 and 483?
69
Calculate the highest common divisor of 570792 and 408.
408
Calculate the highest common divisor of 252 and 3738.
42
What is the highest common divisor of 55396 and 88?
44
Calculate the greatest common factor of 3129 and 525.
21
Calculate the highest common divisor of 9570 and 2706.
66
Calculate the highest common factor of 406224 and 52.
52
What is the greatest common divisor of 350 and 190150?
50
Calculate the greatest common factor of 25074 and 70.
14
Calculate the highest common divisor of 693 and 408331.
77
Calculate the highest common factor of 22775 and 250.
25
What is the greatest common divisor of 249360 and 960?
240
Calculate the highest common divisor of 1452 and 54.
6
Calculate the greatest common divisor of 747 and 734052.
249
What is the greatest common divisor of 31500 and 12780?
180
Calculate the highest common divisor of 708400 and 110.
110
Calculate the greatest common divisor of 1408 and 24944.
16
Calculate the greatest common divisor of 847 and 1723887.
121
What is the highest common factor of 447287 and 16484?
317
Calculate the greatest common factor of 72 and 664038.
18
What is the greatest common divisor of 10793 and 36077?
43
What is the greatest common divisor of 8580 and 12540?
660
What is the greatest common divisor of 8 and 624